{"id":29,"date":"2021-10-06T21:24:10","date_gmt":"2021-10-06T21:24:10","guid":{"rendered":"https:\/\/daminhptvn.stvincentliem.ca\/?page_id=29"},"modified":"2021-10-06T21:24:10","modified_gmt":"2021-10-06T21:24:10","slug":"gioi-thieu","status":"publish","type":"page","link":"https:\/\/daminhptvn.org\/?page_id=29","title":{"rendered":"Gi\u1edbi Thi\u1ec7u"},"content":{"rendered":"\n<p>Ph\u1ee5 t\u1ec9nh \u0110a Minh Vi\u1ec7t Nam H\u1ea3i Ngo\u1ea1i h\u00e2n h\u1ea1nh ch\u00e0o \u0111\u00f3n c\u00e1c \u0111\u1ed9c gi\u1ea3 m\u1ea1ng \u0111\u1ebfn v\u1edbi Trang Nh\u00e0 DAMINHPTVN.ORG. Trang Nh\u00e0 Ph\u1ee5 T\u1ec9nh mang \u0111\u1ebfn cho qu\u00fd \u0111\u1ed9c gi\u1ea3 m\u1ea1ng c\u00e1c th\u00f4ng tin sinh ho\u1ea1t c\u1ee7a Ph\u1ee5 T\u1ec9nh trong m\u1ecdi l\u00e3nh v\u1ef1c m\u1ee5c v\u1ee5, chuy\u00ean \u0111\u1ec1, v\u00e0 th\u1eddi s\u1ef1. \u0110\u00e2y l\u00e0 nh\u1ecbp c\u1ea7u n\u1ed1i k\u1ebft ch\u00fang ta v\u1edbi nhau trong t\u00ecnh hi\u1ec7p th\u00f4ng huynh \u0111\u1ec7.<\/p>\n\n\n\n<p>Ph\u1ea7n th\u00f4ng tin Ph\u1ee5 T\u1ec9nh, T\u1ec9nh D\u00f2ng, \u0110a Minh Th\u1ebf Gi\u1edbi n\u00f3i chung v\u00e0 ph\u1ed5 bi\u1ebfn linh \u0111\u1ea1o D\u00f2ng l\u00e0 c\u00f4ng vi\u1ec7c ch\u1ee7 y\u1ebfu c\u1ee7a Trang Nh\u00e0 Ph\u1ee5 T\u1ec9nh, m\u1ed9t t\u1ed5 ch\u1ee9c phi l\u1ee3i nhu\u1eadn, \u0111\u1ed3ng th\u1eddi c\u0169ng ph\u1ed5 bi\u1ebfn c\u00e1c tin t\u1ee9c th\u1eddi s\u1ef1 th\u1ebf gi\u1edbi, c\u00e1c ph\u1ea7n kh\u1ea3o c\u1ee9u chuy\u00ean \u0111\u1ec1, c\u00e1c b\u00e0i vi\u1ebft v\u1ec1 gi\u00e1o d\u1ee5c, h\u00f4n nh\u00e2n, gia \u0111\u00ecnh v\u00e0 s\u1ed1ng \u0111\u1ea1o, th\u1ea7n h\u1ecdc, Kinh Th\u00e1nh, c\u0169ng nh\u01b0 c\u00e1c b\u00e0i s\u01b0u t\u1ea7m c\u1ee7a m\u1ecdi th\u00e0nh ph\u1ea7n t\u00e1c gi\u1ea3, nh\u1eb1m gi\u00fap cho c\u1ed9ng \u0111\u1ed3ng m\u1ea1ng c\u00f3 th\u00eam ph\u01b0\u01a1ng ti\u1ec7n tham kh\u1ea3o nghi\u00ean c\u1ee9u.<\/p>\n\n\n\n<p>Xin ch\u00e2n th\u00e0nh c\u1ea3m t\u1ea1 qu\u00fd \u0111\u1ed9c gi\u1ea3 m\u1ea1ng \u0111\u1ebfn v\u1edbi Trang Nh\u00e0 Ph\u1ee5 T\u1ec9nh v\u00e0 c\u0169ng xin ch\u00e2n th\u00e0nh c\u1ea3m \u01a1n t\u1ea5t c\u1ea3 c\u00e1c t\u00e1c gi\u1ea3 c\u1ee7a c\u00e1c b\u00e0i kh\u1ea3o c\u1ee9u trong m\u1ecdi l\u00e3nh v\u1ef1c, c\u00e1c b\u00e0i vi\u1ebft chuy\u00ean \u0111\u1ec1 v\u00e0 c\u00e1c s\u01b0u t\u1ea7m mang gi\u00e1 tr\u1ecb nh\u00e2n b\u1ea3n, \u0111\u00e3 cho ph\u00e9p Trang Nh\u00e0 Ph\u1ee5 T\u1ec9nh l\u00e0m ph\u01b0\u01a1ng ti\u1ec7n chuy\u1ec3n t\u1ea3i \u0111\u1ebfn c\u1ed9ng \u0111\u1ed3ng m\u1ea1ng. Xin Thi\u00ean Ch\u00faa qua s\u1ef1 b\u1ea7u c\u1eed c\u1ee7a Th\u00e1nh T\u1ed5 Ph\u1ee5 \u0110a Minh ch\u00fac ph\u00fac l\u00e0nh v\u00e0 \u0111\u1ed5 tr\u00e0n mu\u00f4n v\u1ea1n h\u1ed3ng \u00e2n xu\u1ed1ng tr\u00ean t\u1ea5t c\u1ea3 qu\u00fd v\u1ecb.<\/p>\n\n\n\n<h2 class=\"wp-block-heading\">D\u00f2ng \u0110a Minh<\/h2>\n\n\n\n<p>Th\u00e1nh \u0110a Minh \u0111\u01b0\u1ee3c m\u1ec7nh danh l\u00e0 \u201cCon Ng\u01b0\u1eddi c\u1ee7a Tin M\u1eebng,\u201d b\u1edfi v\u00ec ng\u00e0i kh\u00f4ng ch\u1ec9 \u0111\u1ecdc, nghi\u00ean c\u1ee9u v\u00e0 suy ni\u1ec7m L\u1eddi Ch\u00faa, m\u00e0 tr\u00ean h\u1ebft ng\u00e0i c\u00f2n s\u1ed1ng theo Tin M\u1eebng v\u00e0 s\u1ed1ng c\u1ea3 m\u1ed9t \u0111\u1eddi v\u1edbi nh\u1eefng thao th\u1ee9c, tr\u0103n tr\u1edf \u0111\u1ec3 Tin M\u1eebng c\u1ee9u \u0111\u1ed9 \u0111\u01b0\u1ee3c loan b\u00e1o cho mu\u00f4n d\u00e2n. \u0110\u00e2y l\u00e0 ch\u00ednh l\u00e0 l\u00fd t\u01b0\u1edfng \u0111\u1ec3 Th\u00e1nh \u0110a Minh l\u1eadp D\u00f2ng Gi\u1ea3ng Thuy\u1ebft. \u0110\u1ed1i v\u1edbi ng\u00e0i, vi\u1ec7c loan b\u00e1o Tin M\u1eebng tr\u1edf th\u00e0nh s\u1ee9 v\u1ee5 \u01b0u ti\u00ean c\u1ee7a D\u00f2ng v\u00ec n\u00f3 ti\u1ebfp t\u1ee5c s\u1ee9 v\u1ee5 cao c\u1ea3 c\u1ee7a \u0110\u1ee9c Kit\u00f4, v\u00e0 s\u1ee9 v\u1ee5 n\u00e0y \u0111\u00e3 \u0111\u01b0\u1ee3c truy\u1ec1n l\u1ea1i cho c\u00e1c m\u00f4n \u0111\u1ec7 c\u1ee7a Ch\u00faa.<\/p>\n\n\n\n<p>N\u00f3i c\u00e1ch kh\u00e1c, Rao gi\u1ea3ng Tin M\u1eebng l\u00e0 s\u1ee9 v\u1ee5 c\u0103n b\u1ea3n c\u1ee7a \u0110\u1ee9c Kit\u00f4, cho n\u00ean c\u0169ng l\u00e0 s\u1ee9 v\u1ee5 v\u00e0 \u01a1n g\u1ecdi c\u1ee7a m\u1ecdi Kit\u00f4 h\u1eefu, c\u00e1ch c\u00e1 bi\u1ec7t l\u00e0 c\u0103n t\u00ednh c\u1ee7a ng\u01b0\u1eddi \u0110a Minh. \u0110\u1ed9ng c\u01a1 th\u00e2m s\u00e2u c\u1ee7a Th\u00e1nh \u0110a Minh ph\u00e1t xu\u1ea5t t\u1eeb l\u00f2ng y\u00eau m\u1ebfn Ch\u00faa v\u00e0 y\u00eau th\u01b0\u01a1ng c\u00e1c linh h\u1ed3n. B\u1edfi v\u1eady t\u00ecnh y\u00eau tr\u1edf th\u00e0nh t\u00e2m \u0111i\u1ec3m c\u1ee7a s\u1ee9 v\u1ee5 rao gi\u1ea3ng Tin M\u1eebng. Ch\u00ednh t\u00ecnh y\u00eau Thi\u00ean Ch\u00faa v\u00e0 tha nh\u00e2n \u0111\u00e3 th\u00fac \u0111\u1ea9y ng\u01b0\u1eddi \u0110a Minh loan b\u00e1o Tin M\u1eebng cho tha nh\u00e2n.<\/p>\n\n\n\n<p>Th\u00e1nh Phaol\u00f4 T\u00f4ng \u0110\u1ed3 d\u00e2n ngo\u1ea1i \u0111\u00e3 c\u1ea3m nh\u1eadn \u0111\u01b0\u1ee3c \u0111i\u1ec1u n\u00e0y v\u00e0 \u0111\u00e3 di\u1ec5n t\u1ea3 s\u1ee9 v\u1ee5 c\u0103n b\u1ea3n n\u00e0y c\u00e1ch r\u1ea5t r\u00f5 r\u00e0ng v\u00e0 s\u1eafc n\u00e9t: \u201c\u0110\u1ed1i v\u1edbi t\u00f4i, rao gi\u1ea3ng Tin M\u1eebng kh\u00f4ng ph\u1ea3i l\u00e0 l\u00fd do \u0111\u1ec3 t\u1ef1 h\u00e0o, m\u00e0 \u0111\u00f3 l\u00e0 m\u1ed9t s\u1ef1 c\u1ea7n thi\u1ebft b\u1eaft bu\u1ed9c t\u00f4i ph\u1ea3i l\u00e0m. Kh\u1ed1n th\u00e2n t\u00f4i, n\u1ebfu t\u00f4i kh\u00f4ng rao gi\u1ea3ng Tin M\u1eebng! T\u00f4i m\u00e0 t\u1ef1 \u00fd l\u00e0m vi\u1ec7c \u1ea5y, th\u00ec m\u1edbi \u0111\u00e1ng Thi\u00ean Ch\u00faa th\u01b0\u1edfng c\u00f4ng; c\u00f2n n\u1ebfu kh\u00f4ng t\u1ef1 \u00fd, th\u00ec \u0111\u00f3 l\u00e0 m\u1ed9t nhi\u1ec7m v\u1ee5 Thi\u00ean Ch\u00faa trao ph\u00f3. V\u1eady \u0111\u00e2u l\u00e0 ph\u1ea7n th\u01b0\u1edfng c\u1ee7a t\u00f4i? \u0110\u00f3 l\u00e0 khi rao gi\u1ea3ng Tin M\u1eebng, t\u00f4i rao gi\u1ea3ng kh\u00f4ng c\u00f4ng, ch\u1eb3ng h\u01b0\u1edfng quy\u1ec1n l\u1ee3i Tin M\u1eebng d\u00e0nh cho t\u00f4i.\u201d (1 Cor 9, 16-18).<\/p>\n\n\n\n<p>\u0110\u00f3 l\u00e0 l\u00fd do ng\u01b0\u1eddi \u0110a Minh h\u00f4m nay ph\u1ea3i tri\u1ec7t \u0111\u1ec3 s\u1ed1ng \u01a1n \u0111o\u00e0n s\u1ee7ng c\u1ee7a D\u00f2ng, b\u01b0\u1edbc theo ch\u00e2n c\u1ee7a \u0110\u1ee9c Kit\u00f4 trong vi\u1ec7c d\u1ea5n th\u00e2n rao gi\u1ea3ng Tin M\u1eebng. Tuy nhi\u00ean, s\u1ed1ng trong th\u1eddi k\u1ef9 thu\u1eadt t\u00e2n ti\u1ebfn h\u00f4m nay, ng\u01b0\u1eddi \u0110a Minh ph\u1ea3i thi h\u00e0nh s\u1ee9 v\u1ee5 rao gi\u1ea3ng Tin M\u1eebng nh\u01b0 th\u1ebf n\u00e0o? Rao gi\u1ea3ng b\u1eb1ng ch\u00ednh cu\u1ed9c s\u1ed1ng c\u1ee7a m\u00ecnh, rao b\u1eb1ng t\u1ea5t c\u1ea3 m\u1ecdi ph\u01b0\u01a1ng ti\u1ec7n truy\u1ec1n th\u00f4ng \u0111\u1ec3 \u0111em Tin M\u1eebng \u0111\u1ebfn cho m\u1ecdi ng\u01b0\u1eddi, m\u1ecdi n\u01a1i, m\u1ecdi l\u00fac. Trang Nh\u00e0 Ph\u1ee5 T\u1ec9nh l\u00e0 m\u1ed9t trong nh\u1eefng ph\u01b0\u01a1ng ti\u1ec7n n\u00f3i tr\u00ean nh\u1eb1m m\u1ee5c \u0111\u00edch mang Ch\u00faa \u0111\u1ebfn mu\u00f4n n\u01a1i v\u00e0 \u0111\u1ebfn v\u1edbi t\u1ea5t c\u1ea3 m\u1ecdi ng\u01b0\u1eddi.<\/p>\n\n\n\n<h2 class=\"wp-block-heading\">Ph\u1ee5 T\u1ec9nh \u0110a Minh<\/h2>\n\n\n\n<p>Bi\u1ebfn c\u1ed1 30 th\u00e1ng 4, 1975 \u0111\u00e3 \u0111\u01b0a m\u1ed9t s\u1ed1 anh em \u0110a-Minh Vi\u1ec7t Nam theo d\u00f2ng ng\u01b0\u1eddi t\u1ecb n\u1ea1n \u0111\u1ebfn \u0111\u1ecbnh c\u01b0 t\u1ea1i c\u00e1c qu\u1ed1c gia nh\u01b0 \u00c1 C\u0103n \u0110\u00ecnh, Canada, Hoa K\u1ef3, Phi Lu\u1eadt T\u00e2n, \u00dac \u0110\u1ea1i L\u1ee3i, c\u1ed9ng th\u00eam m\u1ed9t s\u1ed1 anh em \u0111i tu h\u1ecdc tr\u01b0\u1edbc n\u0103m 1975 t\u1ea1i \u00c2u Ch\u00e2u, M\u1ef9 Ch\u00e2u ho\u1eb7c Phi Lu\u1eadt T\u00e2n, kh\u00f4ng th\u1ec3 tr\u1edf v\u1ec1 n\u01b0\u1edbc, \u0111\u00e3 t\u00ecm v\u1ec1 b\u00ean nhau \u0111\u1ec3 s\u1ed1ng \u0111\u1eddi s\u1ed1ng huynh \u0111\u1ec7 \u0110a Minh tr\u01b0\u1edbc nh\u1eefng \u01b0u t\u01b0 \u0111au bu\u1ed3n v\u00ec xa x\u1ee9.<\/p>\n\n\n\n<p>M\u1ecdi ng\u01b0\u1eddi th\u1ea5y \u0111\u00e2y l\u00e0 m\u1ed9t nhu c\u1ea7u c\u1ea5p thi\u1ebft \u0111\u1ec3 duy tr\u00ec \u01a1n g\u1ecdi \u0110a Minh cho nh\u1eefng anh em \u0111\u00e3 r\u1eddi xa qu\u00ea h\u01b0\u01a1ng, tr\u01b0\u1edbc nh\u1eefng kh\u1ee7ng ho\u1ea3ng ch\u00ednh tr\u1ecb c\u1ee7a \u0111\u1ea5t n\u01b0\u1edbc v\u00e0 tr\u01b0\u1edbc nh\u1eefng kh\u00f3 kh\u0103n h\u1ed9i nh\u1eadp v\u00e0o m\u1ed9t x\u00e3 h\u1ed9i ho\u00e0n to\u00e0n m\u1edbi l\u1ea1, n\u00ean \u0111\u00e3 quy\u1ebft t\u00e2m xin D\u00f2ng th\u01b0\u01a1ng cho th\u00e0nh l\u1eadp Ph\u1ee5 T\u1ec9nh Vi\u1ec7t Nam t\u1ea1i Mi\u1ec1n T\u00e2y Canada \u0111\u1ec3 m\u1eddi g\u1ecdi m\u1ecdi anh em quy t\u1ee5 v\u1ec1 \u0111\u00e2y, ti\u1ebfp t\u1ee5c \u01a1n g\u1ecdi c\u1ee7a m\u00ecnh v\u00e0 c\u00f9ng nhau th\u1ef1c thi s\u1ee9 m\u1ea1ng rao gi\u1ea3ng Tin M\u1eebng c\u1ee7a ng\u01b0\u1eddi \u0110a Minh t\u1ea1i B\u1eafc M\u1ef9.<\/p>\n\n\n\n<p>Cu\u1ed9c h\u00e0nh tr\u00ecnh \u0111\u1ebfn v\u1edbi nhau d\u01b0\u1edbi danh ngh\u0129a Ph\u1ee5 T\u1ec9nh \u0110a Minh Vi\u1ec7t Nam H\u1ea3i Ngo\u1ea1i Th\u00e1nh Vinh S\u01a1n Li\u00eam kh\u00f4ng h\u1ec1 \u0111\u01a1n gi\u1ea3n. \u0110\u00e2y l\u00e0 m\u1ed9t cu\u1ed9c ph\u1ea5n \u0111\u1ea5u \u0111\u1ec3 s\u1ed1ng c\u00f2n tr\u01b0\u1edbc nh\u1eefng kh\u00f3 kh\u0103n b\u1ecb hi\u1ebfn ph\u00e1p tr\u00f3i bu\u1ed9c v\u00e0 tr\u01b0\u1edbc nh\u1eefng th\u00e1ch \u0111\u1ed1 c\u1ee7a c\u00e1c T\u1ec9nh D\u00f2ng \u0111\u1ecba ph\u01b0\u01a1ng. Tuy nhi\u00ean Ch\u00faa \u0111\u00e3 th\u1ec3 hi\u1ec7n L\u00f2ng Th\u01b0\u01a1ng X\u00f3t v\u00f4 b\u1edd c\u1ee7a Ng\u00e0i qua vi\u1ec7c \u0111i\u1ec1u h\u00e0nh c\u00e1ch kh\u00f4n ngoan c\u1ee7a c\u00e1c B\u1ec1 Tr\u00ean C\u1ea3: Damian Byrne, Timothy Radcliffe, Carlos Azpiroz Costa, v\u00e0 B\u1ec1 Tr\u00ean C\u1ea3 \u0111\u01b0\u01a1ng kim Bruno Cador\u00e9. Ch\u00faa \u0111\u00e3 d\u00f9ng c\u00e1nh tay uy l\u1ef1c c\u1ee7a Ng\u00e0i h\u1ed3i sinh Ph\u1ee5 T\u1ec9nh t\u1eeb b\u1edd v\u1ef1c \u201cth\u1eadp t\u1eed nh\u1ea5t sinh\u201d \u0111\u1ebfn v\u1edbi cu\u1ed9c s\u1ed1ng \u0111\u1ea7y tr\u00e0n sinh l\u1ef1c.<\/p>\n\n\n\n<p>Cho \u0111\u1ebfn h\u00f4m nay Ph\u1ee5 T\u1ec9nh \u0111\u00e3 tr\u00f2n 35 tu\u1ed5i tr\u00f2n (1981-2016), v\u1eabn lu\u00f4n tr\u00e0n \u0111\u1ea7y s\u1ee9c s\u1ed1ng v\u00e0 v\u01b0\u01a1n cao. C\u00f4ng kh\u00f3 x\u00e2y \u0111\u1eafp c\u1ed9ng \u0111o\u00e0n n\u00e0y \u0111\u00e3 tr\u1ea3i qua c\u00e1c \u0111\u1eddi B\u1ec1 Tr\u00ean Ph\u1ee5 t\u1ec9nh, l\u00e8o l\u00e1i con thuy\u1ec1n Ph\u1ee5 T\u1ec9nh v\u01b0\u1ee3t qua bao b\u00e3o t\u1ed1, qua bao kh\u00f3 kh\u0103n \u0111\u1ec3 c\u00f3 ng\u00e0y h\u00f4m nay. T\u1ea1 \u01a1n Ch\u00faa, c\u1ea3m \u01a1n D\u00f2ng, v\u00e0 tri \u00e2n t\u1ea5t c\u1ea3 c\u00e1c B\u1ec1 Tr\u00ean C\u1ea3, c\u00e1c b\u1ec1 tr\u00ean ti\u1ec1n nhi\u1ec7m c\u1ee7a Ph\u1ee5 T\u1ec9nh \u0110a Minh Vi\u1ec7t Nam H\u1ea3i Ngo\u1ea1i Th\u00e1nh Vinh S\u01a1n Li\u00eam. Ch\u1ec9 c\u00f3 th\u1ec3 n\u00f3i nh\u01b0 Th\u00e1nh Phaol\u00f4: \u201cT\u1ea5t c\u1ea3 l\u00e0 h\u1ed3ng \u00e2n\u201d (x. 1 Cor 15:10).<\/p>\n\n\n\n<h2 class=\"wp-block-heading\">S\u1ee9 V\u1ee5 Ph\u1ee5 T\u1ec9nh<\/h2>\n\n\n\n<p>L\u00e0n s\u00f3ng ng\u01b0\u1eddi t\u1ecb n\u1ea1n Vi\u1ec7t Nam b\u1ecf n\u01b0\u1edbc ra \u0111i ng\u00e0y m\u1ed9t \u0111\u00f4ng, trong \u0111\u00f3 c\u00f3 nh\u1eefng ng\u01b0\u1eddi C\u00f4ng Gi\u00e1o v\u00e0 c\u00f3 c\u1ea3 c\u00e1c anh em \u0110a Minh Vi\u1ec7t Nam. Khi \u0111\u1ebfn khi \u0111\u1ecbnh c\u01b0 t\u1ea1i \u0111\u1ec7 tam qu\u1ed1c gia, h\u1ecd ch\u01a1 v\u01a1 kh\u00f4ng c\u00f3 linh m\u1ee5c Vi\u1ec7t Nam c\u1eed h\u00e0nh c\u00e1c b\u00ed t\u00edch v\u00e0 ch\u0103m s\u00f3c m\u1ee5c v\u1ee5, gi\u1ed1ng nh\u01b0 m\u1ed9t \u0111\u00e0n chi\u00ean b\u01a1 v\u01a1 kh\u00f4ng ch\u1ee7 ch\u0103n, n\u00ean h\u1ecd \u0111\u00e3 t\u00ecm \u0111\u1ebfn c\u00e1c gi\u00e1m m\u1ee5c gi\u00e1o ph\u1eadn s\u1edf t\u1ea1i, xin ph\u00e9p th\u1ec9nh nguy\u1ec7n c\u00e1c linh m\u1ee5c Vi\u1ec7t Nam \u1edf b\u1ea5t c\u1ee9 \u0111\u00e2u c\u00f3 th\u1ec3 \u0111\u1ebfn ph\u1ee5c v\u1ee5 cho h\u1ecd. Anh em \u0110a Minh \u0111\u00e3 \u0111\u01b0\u1ee3c c\u00e1c gi\u00e1m m\u1ee5c c\u00e1c gi\u00e1o ph\u1eadn tr\u1ecdng d\u1ee5ng m\u1eddi ph\u1ee5c cho c\u00e1c nh\u00f3m ng\u01b0\u1eddi C\u00f4ng gi\u00e1o Vi\u1ec7t Nam \u0111\u1ebfn \u0111\u1ecbnh c\u01b0 trong c\u00e1c gi\u00e1o ph\u1eadn c\u1ee7a c\u00e1c ng\u00e0i.<\/p>\n\n\n\n<p>L\u00fac \u0111\u1ea7u ch\u1ec9 l\u00e0 nh\u1eefng nh\u00f3m nh\u1ecf, nh\u01b0ng d\u00f2ng ng\u01b0\u1eddi t\u1ecb n\u1ea1n \u0111\u1ed5 v\u00e0o B\u1eafc M\u1ef9 ng\u00e0y m\u1ed9t \u0111\u00f4ng, h\u1ecd \u0111\u00e3 t\u1ee5 l\u1ea1i trong c\u00e1c gi\u00e1o x\u1ee9, xin gi\u00e1o quy\u1ec1n thi\u1ebft l\u1eadp gi\u00e1o \u0111o\u00e0n, r\u1ed3i sau \u0111\u00f3 \u00edt l\u00e2u, xin n\u00e2ng l\u00ean th\u00e0nh gi\u00e1o x\u1ee9 t\u1ea1i m\u1ed9t s\u1ed1 c\u00e1c gi\u00e1o ph\u1eadn t\u1ea1i B\u1eafc M\u1ef9. Vi\u1ec7c quy t\u1ee5 anh em \u0110a Minh Ph\u1ee5 T\u1ec9nh l\u00fac \u0111\u1ea7u ch\u1ec9 \u0111\u01b0\u1ee3c ph\u00e9p ph\u1ee5c v\u1ee5 t\u1ea1i 3 th\u00e0nh ph\u1ed1 thu\u1ed9c mi\u1ec1n T\u00e2y Canada. T\u1ea1i 3 n\u01a1i n\u00e0y, Ph\u1ee5 T\u1ec9nh \u0111\u00e3 xin c\u00e1c gi\u00e1m m\u1ee5c gi\u00e1o ph\u1eadn \u0111\u1ee9ng ra quy\u00ean g\u00f3p x\u00e2y d\u1ef1ng nh\u00e0 th\u1edd v\u00e0 l\u1eadp th\u00e0nh c\u00e1c gi\u00e1o x\u1ee9 Vi\u1ec7t Nam thu\u1ea7n t\u00fay. \u0110\u00f3 l\u00e0 Gi\u00e1o X\u1ee9 Th\u00e1nh Vinh S\u01a1n Li\u00eam t\u1ea1i Calgary, t\u1ec9nh Alberta, Gi\u00e1o X\u1ee9 N\u1eef V\u01b0\u01a1ng C\u00e1c Th\u00e1nh T\u1eed \u0110\u1ea1o Vi\u1ec7t Nam t\u1ea1i Edmonton, t\u1ec9nh Alberta v\u00e0 Gi\u00e1o X\u1ee9 Th\u00e1nh Giuse t\u1ea1i Vancouver, BC. Ri\u00eang t\u1ea1i Vancouver, Ph\u1ee5 T\u1ec9nh \u0111\u00e3 \u0111\u00f3n nh\u1eadn vi\u1ec7c chuy\u1ec3n giao c\u1ed9ng \u0111o\u00e0n t\u1eeb Cha \u0110a Minh Nguy\u1ec5n H\u1eefu L\u01b0\u1ee3ng, D\u00f2ng Th\u00e1nh Th\u1ec3. \u0110\u1ec3 \u0111\u00e1p \u1ee9ng c\u00e1c nhu c\u1ea7u m\u1ee5c \u0111\u1ecba ph\u01b0\u01a1ng, Ph\u1ee5 T\u1ec9nh \u0111\u00e3 \u0111\u01b0\u1ee3c ph\u00e9p m\u1edf r\u1ed9ng c\u00f4ng vi\u1ec7c m\u1ee5c v\u1ee5 cho ng\u01b0\u1eddi b\u1ea3n x\u1ee9, coi s\u00f3c Gi\u00e1o x\u1ee9 Holy Trinity v\u00e0 St.Francis t\u1ea1i Calgary, \u0111\u01b0\u01a1c m\u1eddi l\u00e0m tuy\u00ean \u00fay h\u1ecdc \u0111\u01b0\u1eddng v\u00e0 tuy\u00ean \u00fay b\u1ec7nh vi\u1ec7n t\u1ea1i Calgary v\u00e0 Vancouver.<\/p>\n\n\n\n<p>N\u0103m 1992, \u0111\u01b0\u1ee3c ph\u00e9p c\u1ee7a T\u1ec9nh D\u00f2ng The Most Holy Name of Jesus ch\u1ea5p thu\u1eadn, \u0110\u1ee9c Gi\u00e1m M\u1ee5c Gi\u00e1o Ph\u1eadn Phoenix \u0111\u00e3 m\u1eddi Ph\u1ee5 T\u1ec9nh qua ch\u0103m s\u00f3c m\u1ee5c v\u1ee5 cho c\u1ed9ng \u0111o\u00e0n Vi\u1ec7t Nam t\u1ecb n\u1ea1n t\u1ea1i \u0111\u00e2y. K\u1ebf ti\u1ebfp v\u00e0o n\u0103m 2000, \u0110\u1ee9c Cha Paul Loverde, Gi\u00e1m m\u1ee5c Gi\u00e1o Ph\u1eadn Arlington c\u0169ng th\u00f4ng qua T\u1ec9nh D\u00f2ng St. Joseph, thu\u1ed9c Mi\u1ec1n \u0110\u00f4ng Hoa K\u1ef3, \u0111\u00e3 m\u1eddi Ph\u1ee5 T\u1ec9nh sang ph\u1ee5c v\u1ee5 Gi\u00e1o X\u1ee9 C\u00e1c Th\u00e1nh T\u1eed \u0110\u1ea1o Vi\u1ec7t Nam t\u1ea1i Arlington, ti\u1ec3u bang Virginia; \u0111\u1ebfn n\u0103m 2009, T\u1ec9nh D\u00f2ng Th\u00e1nh Martin\u00f4 thu\u1ed9c Mi\u1ec1n Nam, Hoa K\u1ef3 nh\u1eadn th\u1ee9c \u0111\u01b0\u1ee3c vi\u1ec7c kh\u00f3 kh\u0103n duy tr\u00ec m\u1ee5c v\u1ee5 cho c\u00e1c c\u1ed9ng \u0111o\u00e0n C\u00f4ng Gi\u00e1o Vi\u1ec7t Nam t\u1ea1i Houston, n\u00ean ng\u1ecf l\u1eddi mu\u1ed1n trao l\u1ea1i Tu X\u00e1 Th\u00e1nh \u0110a Minh do anh em \u0110a Minh thu\u00f4c t\u1ec9nh d\u00f2ng Vi\u1ec7t Nam \u0111ang coi s\u00f3c t\u1ea1i Houston, \u0111\u1ed3ng th\u1eddi c\u0169ng trao lu\u00f4n c\u1ea3 2 gi\u00e1o x\u1ee9 L\u1ed9 \u0110\u1ee9c v\u00e0 La Vang cho Ph\u1ee5 T\u1ec9nh \u0111\u1ec3 ti\u1ebfp t\u1ee5c c\u00f4ng vi\u1ec7c m\u1ee5c v\u1ee5 cho ng\u01b0\u1eddi Vi\u1ec7t Nam C\u00f4ng Gi\u00e1o t\u1ea1i \u0111\u00e2y; tin l\u00e0nh \u0111\u1ed3n xa, anh em Ph\u1ee5 T\u1ec9nh \u0110a Minh l\u00e0m vi\u1ec7c r\u1ea5t t\u1ed1t trong c\u00e1c c\u00f4ng t\u00e1c m\u1ee5c v\u1ee5, n\u00ean v\u00e0o n\u0103m 2010 \u0110\u1ee9c Cha Dilorenzo, Gi\u00e1m Muc Gi\u00e1o Ph\u1eadn Richmond, VA, \u0111\u00e3 tha thi\u1ebft m\u1eddi Ph\u1ee5 T\u1ec9nh v\u1ec1 coi s\u00f3c Gi\u00e1o X\u1ee9 C\u00e1c Th\u00e1nh T\u1eed \u0110\u1ea1o Vi\u1ec7t Nam t\u1ea1i Richmond, thay th\u1ebf \u0110\u1ee9c \u00d4ng Giuse Ph\u1ea1m Xu\u00e2n Th\u1eafng.<\/p>\n\n\n\n<p>Ph\u1ee5 t\u1ec9nh \u0110a Minh Vi\u1ec7t Nam H\u1ea3i Ngo\u1ea1i h\u00f4m nay \u0111\u00e3 l\u00e0 m\u1ed9t th\u1ef1c th\u1ec3 ph\u00e1p nh\u00e2n, ti\u1ebfp t\u1ee5c thi h\u00e0nh s\u1ee9 v\u1ee5 rao gi\u1ea3ng Tin M\u1eebng theo b\u01b0\u1edbc ch\u00e2n c\u1ee7a Th\u00e1nh Ph\u1ee5 \u0110a Minh v\u00e0 lu\u00f4n m\u00e3i l\u00e0 nh\u1ecbp c\u1ea7u n\u1ed1i c\u1ea7n thi\u1ebft c\u1ee7a T\u1ec9nh D\u00f2ng Vi\u1ec7t Nam, n\u00e2ng \u0111\u1ee1 c\u00e1c anh em \u0110a Minh Vi\u1ec7t Nam \u0111ang tu h\u1ecdc c\u0169ng nh\u01b0 \u0111ang c\u1ed9ng t\u00e1c m\u1ee5c v\u1ee5 t\u1ea1i B\u1eafc M\u1ef9. Xin Ch\u00faa qua s\u1ef1 b\u1ea7u c\u1eed c\u1ee7a Th\u00e1nh T\u1ed5 Ph\u1ee5 \u0110a Minh lu\u00f4n ch\u00fac ph\u00fac cho t\u1ea5t c\u00e1c c\u00f4ng vi\u1ec7c Ph\u1ee5 t\u1ec9nh \u0111ang th\u1ef1c hi\u1ec7n v\u00e0 cho m\u1ed7i ng\u01b0\u1eddi anh em \u0110a Minh lu\u00f4n can tr\u01b0\u1eddng th\u1ef1c thi \u0111\u00fang s\u1ee9 m\u1ea1ng c\u1ee7a Ng\u01b0\u1eddi \u0110a Minh trong th\u1ebf gi\u1edbi h\u00f4m nay.<\/p>\n","protected":false},"excerpt":{"rendered":"<p>Ph\u1ee5 t\u1ec9nh \u0110a Minh Vi\u1ec7t Nam H\u1ea3i Ngo\u1ea1i h\u00e2n h\u1ea1nh ch\u00e0o \u0111\u00f3n c\u00e1c \u0111\u1ed9c gi\u1ea3 m\u1ea1ng \u0111\u1ebfn v\u1edbi Trang Nh\u00e0 DAMINHPTVN.ORG. Trang Nh\u00e0 Ph\u1ee5 T\u1ec9nh mang \u0111\u1ebfn cho qu\u00fd \u0111\u1ed9c gi\u1ea3 m\u1ea1ng c\u00e1c th\u00f4ng tin sinh ho\u1ea1t c\u1ee7a Ph\u1ee5 T\u1ec9nh trong m\u1ecdi l\u00e3nh v\u1ef1c m\u1ee5c v\u1ee5, chuy\u00ean \u0111\u1ec1, v\u00e0 th\u1eddi s\u1ef1. \u0110\u00e2y l\u00e0 nh\u1ecbp c\u1ea7u [&hellip;]<\/p>\n","protected":false},"author":1,"featured_media":0,"parent":0,"menu_order":0,"comment_status":"closed","ping_status":"closed","template":"","meta":{"footnotes":""},"class_list":["post-29","page","type-page","status-publish","hentry"],"_links":{"self":[{"href":"https:\/\/daminhptvn.org\/index.php?rest_route=\/wp\/v2\/pages\/29","targetHints":{"allow":["GET"]}}],"collection":[{"href":"https:\/\/daminhptvn.org\/index.php?rest_route=\/wp\/v2\/pages"}],"about":[{"href":"https:\/\/daminhptvn.org\/index.php?rest_route=\/wp\/v2\/types\/page"}],"author":[{"embeddable":true,"href":"https:\/\/daminhptvn.org\/index.php?rest_route=\/wp\/v2\/users\/1"}],"replies":[{"embeddable":true,"href":"https:\/\/daminhptvn.org\/index.php?rest_route=%2Fwp%2Fv2%2Fcomments&post=29"}],"version-history":[{"count":2,"href":"https:\/\/daminhptvn.org\/index.php?rest_route=\/wp\/v2\/pages\/29\/revisions"}],"predecessor-version":[{"id":2269,"href":"https:\/\/daminhptvn.org\/index.php?rest_route=\/wp\/v2\/pages\/29\/revisions\/2269"}],"wp:attachment":[{"href":"https:\/\/daminhptvn.org\/index.php?rest_route=%2Fwp%2Fv2%2Fmedia&parent=29"}],"curies":[{"name":"wp","href":"https:\/\/api.w.org\/{rel}","templated":true}]}}